ple of 13?
False
Is 1360 a factor of 15421040?
True
Is 407288037 a multiple of 3?
True
Does 104 divide 80401464?
True
Is 209 a factor of 185261362?
True
Does 20 divide 9241955?
False
Is 14 a factor of 8534779?
False
Is 3 a factor of 211302?
True
Does 135 divide 776305783?
False
Is 191428561 a multiple of 50?
False
Does 1125 divide 28017410?
False
Does 336 divide 109121349?
False
Does 916 divide 266831367?
False
Is 301860628 a multiple of 3717?
False
Is 196 a factor of 17826200?
True
Does 235 divide 56436190?
True
Is 10 a factor of 460851290?
True
Does 1443 divide 7349199?
True
Is 33345975 a multiple of 17?
False
Is 463 a factor of 983111281?
False
Does 1303 divide 58645587?
False
Is 113 a factor of 221714701?
True
Is 9142685 a multiple of 145?
True
Is 38137182 a multiple of 94?
False
Is 101 a factor of 406012118?
False
Does 2 divide 307883274?
True
Is 286565933 a multiple of 146?
False
Is 43 a factor of 250643775?
True
Is 123 a factor of 8802174?
False
Does 22 divide 4128849645?
False
Is 714 a factor of 90026378?
False
Is 30890240 a multiple of 106?
False
Is 201280215 a multiple of 199?
False
Is 14143239 a multiple of 219?
True
Does 660 divide 3107924820?
True
Is 28626500 a multiple of 28?
True
Is 12956069 a multiple of 19?
False
Is 186462284 a multiple of 1286?
True
Is 43579144 a multiple of 759?
False
Is 3113 a factor of 226772821?
False
Is 239768446 a multiple of 10?
False
Is 240738496 a multiple of 346?
True
Is 6 a factor of 10956326?
False
Is 1283483406 a multiple of 4?
False
Is 78 a factor of 10095947?
False
Is 3865903 a multiple of 120?
False
Does 21 divide 2137025982?
True
Does 1446 divide 397927632?
True
Does 60 divide 132910462?
False
Does 3681 divide 663326816?
False
Does 2430 divide 1035972180?
True
Does 35 divide 166704548?
False
Does 370 divide 236326030?
True
Does 18 divide 4445286?
False
Is 145713144 a multiple of 401?
False
Does 7021 divide 2531170669?
False
Is 73431601 a multiple of 323?
False
Is 48 a factor of 43941081?
False
Is 490 a factor of 82309397?
False
Is 421201155 a multiple of 22?
False
Does 377 divide 7357155?
True
Is 65813151 a multiple of 18?
False
Is 286470876 a multiple of 6324?
True
Is 584770173 a multiple of 146?
False
Is 448503344 a multiple of 8?
True
Does 4933 divide 63901167?
False
Does 6 divide 80642855?
False
Is 626944832 a multiple of 3032?
True
Is 10 a factor of 2542975?
False
Is 14 a factor of 1300482806?
True
Does 5724 divide 11402208?
True
Is 871571312 a multiple of 1747?
True
Is 45746976 a multiple of 33?
True
Is 5659750 a multiple of 10?
True
Is 160359566 a multiple of 14?
False
Is 1929 a factor of 862880130?
False
Does 8 divide 480320?
True
Is 131 a factor of 32545520?
False
Is 109 a factor of 157869166?
False
Does 99 divide 38384082?
True
Is 375091844 a multiple of 12?
False
Does 2334 divide 573404803?
False
Is 53191152 a multiple of 7?
True
Does 2867 divide 1701813929?
True
Does 10 divide 3611113?
False
Is 85929340 a multiple of 196?
True
Does 46 divide 29338202?
True
Does 648 divide 926712123?
False
Does 911 divide 229823436?
True
Does 19 divide 15873560?
False
Does 645 divide 298516222?
False
Does 446 divide 118619498?
True
Is 73245350 a multiple of 10?
True
Is 96255590 a multiple of 2735?
True
Does 5 divide 135742195?
True
Is 969843408 a multiple of 1345?
False
Is 2608 a factor of 35502704?
True
Does 190 divide 29353843?
False
Does 99 divide 26269646?
False
Is 126487581 a multiple of 33?
True
Does 35 divide 8154755?
True
Is 16 a factor of 2250885616?
True
Is 7 a factor of 53390073?
False
Does 76 divide 11142132?
True
Does 35 divide 21639170?
True
Does 140 divide 642385967?
False
Is 45 a factor of 375316124?
False
Is 9 a factor of 40652134?
False
Is 50 a factor of 32476982?
False
Does 1046 divide 201630098?
True
Is 28250816 a multiple of 352?
True
Does 980 divide 395706359?
False
Does 35 divide 283063164?
False
Is 7 a factor of 461480838?
True
Is 60749143 a multiple of 154?
False
Is 31 a factor of 69290735?
True
Does 9 divide 10792289?
False
Does 9 divide 669284?
False
Does 370 divide 121078800?
True
Does 1524 divide 1478875884?
True
Is 2710380 a multiple of 35?
False
Does 1041 divide 24939155?
False
Is 386 a factor of 6877748?
True
Is 15167185 a multiple of 90?
False
Does 5 divide 766053110?
True
Is 705715359 a multiple of 3695?
False
Is 464376461 a multiple of 2248?
False
Is 6745770 a multiple of 18?
True
Does 82 divide 494032124?
True
Does 8 divide 326791740?
False
Is 2702 a factor of 133438270?
True
Is 748 a factor of 94939198?
False
Is 833 a factor of 104256786?
False
Is 518799441 a multiple of 1293?
True
Is 49338569 a multiple of 61?
True
Is 72477466 a multiple of 40?
False
Does 36 divide 1037402525?
False
Does 1171 divide 69993860?
False
Is 118 a factor of 182488372?
False
Is 5266218 a multiple of 6?
True
Is 34112029 a multiple of 316?
False
Is 40 a factor of 368335322?
False
Does 10 divide 653920?
True
Is 151 a factor of 4901762?
True
Is 188650288 a multiple of 264?
False
Is 234924246 a multiple of 1203?
True
Does 422 divide 3592663?
False
Is 1861994148 a multiple of 399?
True
Is 22758948 a multiple of 36?
True
Does 1968 divide 477556848?
True
Is 5 a factor of 74829826?
False
Does 13 divide 22668592?
False
Is 222194885 a multiple of 73?
False
Does 2111 divide 16987217?
True
Is 39 a factor of 53030696?
False
Does 112 divide 834960?
True
Is 34345784 a multiple of 88?
True
Is 2 a factor of 19586986?
True
Is 65042312 a multiple of 277?
False
Is 236 a factor of 39929548?
True
Is 639584826 a multiple of 1878?
True
Is 2296 a factor of 120930320?
True
Is 41 a factor of 5342955221?
True
Does 50 divide 526713352?
False
Does 78 divide 33318948?
True
Does 419 divide 101343530?
True
Is 328798476 a multiple of 21?
False
Does 1611 divide 22149639?
True
Is 803357891 a multiple of 7?
True
Is 31 a factor of 103883751?
False
Is 722920 a multiple of 11?
True
Is 2314 a factor of 1536350956?
False
Is 941867835 a multiple of 210?
False
Does 2 divide 91697622?
True
Does 1360 divide 1091604962?
False
Is 94 a factor of 2402606818?
True
Is 8 a factor of 564446592?
True
Is 89 a factor of 78936058?
True
Does 5 divide 36391391?
False
Does 1022 divide 239985858?
False
Does 282 divide 353273526?
True
Is 281 a factor of 1577453075?
False
Is 55 a factor of 2041718635?
True
Is 641126616 a multiple of 6?
True
Is 53 a factor of 42172992?
False
Is 136863076 a multiple of 98?
True
Does 132 divide 2394038?
False
Is 138404014 a multiple of 149?
True
Does 14 divide 358376?
False
Is 54398617 a multiple of 91?
True
Is 482 a factor of 867253493?
False
Does 8 divide 422725278?
False
Is 64028520 a multiple of 72?
True
Is 311358641 a multiple of 2759?
False
Is 62 a factor of 14175122?
True
Is 9 a factor of 1971394182?
True
Does 2 divide 4530290?
True
Is 6 a factor of 2415490?
False
Does 56 divide 57350328?
True
Is 24 a factor of 21261384?
True
Does 666 divide 8531405?
False
Is 23 a factor of 364918644?
True
Is 31 a factor of 8629687?
True
Is 3339 a factor of 489946244?
False
Is 44 a factor of 9916808?
True
Is 137 a factor of 6395008?
False
Is 157632431 a multiple of 49?
False
Is 1525 a factor of 102539919?
False
Is 1339 a factor of 182646175?
False
Is 57 a factor of 115486620?
False
Does 278 divide 77809587?
False
Is 26 a factor of 21559156?
False
Does 18 divide 7187334?
False
Is 671 a factor of 63095188?
False
Does 62 divide 809211228?
True
Is 12 a factor of 63666924?
True
Is 21526275 a multiple of 23?
True
Is 143857106 a multiple of 45?
False
Is 67851687 a multiple of 2675?
False
Does 309 divide 160740564?
True
Is 23618712 a multiple of 78?
True
Does 20 divide 51925696?
False
Does 3365 divide 62676490?
True
Does 3028 divide 5517871298?
False
Does 7993 divide 385134712?
True
Is 359366738 a multiple of 3721?
True
Is 84185123 a multiple of 262?
False
Is 3 a factor of 358252697?
False
Is 96124788 a multiple of 36?
True
Is 501 a factor of 324085878?
True
Does 2489 divide 72375142?
True
Is 22422592 a multiple of 8?
True
Is 3355 a factor of 7861728?
False
Is 23 a factor of 208051445?
True
Is 44930900 a multiple of 36?
False
Is 5904464 a multiple of 5?
False
Is 65 a factor of 2017864?
False
Is 52155792 a multiple of 104?
True
Is 558946236 a multiple of 498?
True
Is 16 a factor of 284131952?
True
Is 177988058 a multiple of 11?
Fals